(b) + 2*p(b). Let c be w(7). Let v(g) = g - c*g + 8 + 0*g. Give v(0).
8
Let a(x) be the first derivative of -x**4 + 8*x**3/3 - 7*x**2/2 - 3*x + 2. Let d(m) = -3*m**3 + 7*m**2 - 6*m - 2. Let f(q) = -4*a(q) + 5*d(q). What is f(2)?
18
Let h = 27 + -21. Let c(s) = -3*s**2 + 5*s + 7. Let n(m) = m**2 - m. Let v(r) = c(r) + 2*n(r). Determine v(h).
-11
Let w be (-4)/(-28) + 228/(-28). Let q(d) = d**2 + 7*d + 8. Give q(w).
16
Let m(a) = a**2 - 12*a + 12. Let n be m(11). Suppose -3*c + 12 + 24 = -5*s, 3*s = 5*c - 44. Let w be (c - 8) + n*3. Let v(d) = d**2 - 4*d + 3. Give v(w).
-1
Let w = 5 - 8. Let j(v) = -v**3 + 13*v**2 + 8. Let t be j(13). Let x(f) = t*f - 11*f + 0*f + 2*f. Calculate x(w).
3
Let y(g) = g**2 - g - 14. Suppose 4*a + 3*n + 3 = 0, -5*n - 3 - 2 = a. Calculate y(a).
-14
Let b(y) = 1 + 26*y - 2 - 28*y. Let w(u) = 3*u + 1. Let r(j) = -4*b(j) - 3*w(j). Suppose 4*x = -q - 21, x + q - 3*q = 6. What is r(x)?
5
Let t(v) = -3 - v + 0 - v**2 + 3*v - 31*v**3 + 32*v**3. Determine t(2).
5
Suppose 79 = 5*x + 39. Let v(s) = -s**2 + 10*s - 9. Calculate v(x).
7
Let t(k) = -k**3 - 2*k**2 + 2*k + 6. Suppose -3*w + 6 = 3*a + 9, -3*w + 21 = -3*a. Give t(a).
30
Let b(u) = -u**3 - 2*u**2 - 3*u - 6. Let y(m) = -21*m - 298. Let f be y(-14). Calculate b(f).
38
Let f(a) = -a**2 + 2*a + 34. Let g be f(6). Suppose -3*r = 3*h, -5*h + g = -4*h + 3*r. Let z(q) = -4*q - 6. Calculate z(h).
14
Let m(g) = -g**3 - 2*g**2 - 2*g + 1. Let f(x) = 2*x**3 - 2*x**2 + 5*x + 2. Let a(h) = -f(h) - m(h). Calculate a(2).
-1
Suppose -33*p = -6*p + 27. Let j(v) = -13*v. Determine j(p).
13
Let z be -10 + 6 + (-16)/1. Let c = 9 + 17. Let b = z + c. Let x(n) = -n + 6. What is x(b)?
0
Let h(d) = 3*d - 1. Let t be 4*-1 + (-2 - -7). Let m(j) = j. Let o(k) = t*m(k) - h(k). What is o(-2)?
5
Let f(b) = -24*b - 1026. Let d be f(-43). Let x(t) = -11*t + 5. Calculate x(d).
-61
Let w(a) = -a**2 - a. Let t be w(-5). Let u = 19 + t. Let k(f) = f**2 + 1. Calculate k(u).
2
Let a(t) = 5*t**3 - 2*t**2 + 4*t - 5. Let g be (9 + -3 + 3)*2/3. Let j(p) = -5*p**3 + 2*p**2 - 3*p + 4. Let m(c) = g*j(c) + 5*a(c). What is m(2)?
-29
Let s(t) = -17*t + 59. Let f be s(4). Let o(x) = x**3 + 8*x**2 - 7*x + 12. Determine o(f).
-6
Let p(j) = 2 + 3*j - 2 + 3. Let v(x) = x**3 + 20*x**2 + 17*x - 35. Let o be v(-19). Let q(u) = 3*u + 3. Let c(k) = o*p(k) - 2*q(k). Calculate c(-4).
-9
Suppose 0 = -0*h - 3*h - 12. Let m(z) = -65*z**2 + 2*z**2 + 64*z**2 - z + 6*z. What is m(h)?
-4
Let c(i) = i**3 + 5*i**2 - 4*i - 14. Let b be c(-5). Let a(n) be the first derivative of 1 + b*n - 1/2*n**2. Give a(6).
0
Suppose 8 = 5*t - 12. Let z(c) = 4*c + 2*c + c**3 - t + 6*c**2 - c. Determine z(-5).
-4
Let w(v) = 2*v**2 + 5*v - 3. Let r(b) = 2*b**2 + 5*b - 3. Let k(s) = -5*r(s) + 6*w(s). Suppose 0 = -6*n + 54 - 78. Give k(n).
9
Let j(w) = -15*w + 7. Let g(r) = 7*r - 3. Let x(b) = -13*g(b) - 6*j(b). Let s be (7 - (-1 - 0)) + -1. Calculate x(s).
-10
Suppose -3 = -4*p + 77. Suppose 4*a + 0*a = p. Let m(q) be the first derivative of q**4/4 - 2*q**3 + 2*q**2 + 2*q + 56. Determine m(a).
-3
Let o(w) be the first derivative of -1/2*w**2 + 0*w + 9. Let n be (-32)/(-6) - 1/3. Calculate o(n).
-5
Suppose -2*k + 4 = -5*h - 6, -h = 3*k + 2. Suppose k = -13*s + 27 + 12. Let g(o) = o**3 - 2*o**2 + 3*o - 4. Give g(s).
14
Let a(n) = -3*n - 1. Let p(k) = 1 - 3*k - 3 - k - 4*k. Let h(q) = -11*a(q) + 4*p(q). Give h(-4).
-1
Let d(m) = -22*m - 32 - m**3 + 39 + 23*m - 7*m**2. Let c be ((-4)/(-6))/(6/63). Let z be (0 + c)/((-1)/1). Give d(z).
0
Let j(g) = -3*g - 18. Let l be (-18)/54 + (-2)/((-6)/(-17)). Let t be j(l). Let a(k) = -k**3 + k + 15. What is a(t)?
15
Suppose 5*x - 2*j + 9 = 0, 4*j = -6*x + 8*x + 10. Let q(u) be the second derivative of -u**3 - u**2/2 + u. Determine q(x).
5
Let v = 12 - 12. Let f(x) = -44*x**3 - 1 + 18*x**3 + x + 27*x**3 + x**2. Calculate f(v).
-1
Let d = 23 - 19. Let l(f) = -2*f - d*f - 2*f - f**2 - 2*f - 9. What is l(-7)?
12
Let s(i) = -4*i - 4. Let u be s(0). Let m(g) be the second derivative of -g**4/12 - g**3/3 + g**2 - 6*g. Calculate m(u).
-6
Let t(f) = 2*f - 8. Let q be 18/(-12)*-4*1. Suppose 0 = 5*s - q*s + 8. What is t(s)?
8
Let m(s) = s. Let y(w) = -4*w - 41. Let i(x) = 5*m(x) + y(x). Calculate i(0).
-41
Let r(p) = p**3 - 5*p**2 + 47 - 77 - 5*p**2 - 25*p + 47. Determine r(12).
5
Suppose 7*n = -151 + 137. Let q(b) = 7*b + 3. Give q(n).
-11
Let i(j) = 299*j + 1 + 5 - 298*j. Determine i(9).
15
Let i(w) = 2*w**2 + 5*w + 4. Let h be (-8)/(4/(-16)*-2). Let d be 1 + 1/(4/h). What is i(d)?
7
Let k be (4/(-1))/(-5 + 3). Let a(h) = 2 - 6 + 5 - k - h. Give a(0).
-1
Let b = 1798 + -1797. Let o(t) = 20*t**3 - t**2 + t. Calculate o(b).
20
Suppose -279 = -31*x + 279. Let r(q) = -3*q + 56. Determine r(x).
2
Let z(u) = 7*u**3 + 6*u**2 - 2*u + 2. Let w(y) = 5*y**3 + 6*y**2 - 2*y + 1. Let d(q) = -4*w(q) + 3*z(q). What is d(6)?
14
Suppose 5*v = -1 - 9. Let o(c) = -4*c**3 + 5*c**2 - 19*c**3 + 2*c - 1 - 3*c**2 + 3 + 21*c**3. Give o(v).
22
Let n(o) be the second derivative of -o**7/840 + o**6/40 + o**4/4 + 37*o**3/6 + 12*o. Let z(a) be the second derivative of n(a). What is z(9)?
6
Let y be -3 - (1 + 3*-2). Let t(o) = 2*o**2 - 3*o**2 + 2*o**2 + y*o - 5 - 8*o. Let g = 22 + -16. Give t(g).
-5
Let u(q) = q**3 + q**2 - 1. Let y = -234 - -232. Give u(y).
-5
Suppose -281*y + 6 = -279*y - 3*p, 0 = 3*p. Let u(j) = 5*j**2 - 5*j + 7. Calculate u(y).
37
Let f(q) = q - 3. Let k(t) be the third derivative of -t**4/4 + 13*t**3/6 + 7*t**2 - 3*t. Let m(w) = 9*f(w) + 2*k(w). Determine m(-3).
8
Let y(g) = 7*g + 9*g - 4*g. Let o(p) = p. Suppose 4*i = 2*v - 24, -7*v + 5*v - 2*i = 6. Let w(c) = v*o(c) - y(c). Give w(-1).
10
Let n be ((-30)/(-25))/(2/5). Let x(d) = -3*d + 0*d - 3*d**2 + n*d. Suppose 0 = -w + 5*r - 5 + 12, w - r - 3 = 0. Give x(w).
-12
Let q(j) = 5*j**2 + j - 17. Let b(h) = -9*h**2 - 3*h + 30. Let g(w) = 6*b(w) + 11*q(w). Give g(7).
-7
Let s(g) be the third derivative of 1/60*g**5 + 0 + 1/3*g**4 - 13*g**2 - 1/6*g**3 + 0*g. Give s(-6).
-13
Let p(x) = -x**2 - 15*x - 7. Let a be p(-14). Suppose 3 = -6*h + 7*h. Suppose h*q + 11 = -a. Let w(g) = -g**2 - 7*g - 6. What is w(q)?
0
Let r(d) = -d**2 + 7*d + 4. Let i be (13/(-13))/((-1)/(-1)). Let s be (3 - 2 - i)/(14/49). Determine r(s).
4
Let s(b) be the first derivative of b**3/3 + b**2/2 - 6*b + 1. Let v be (-1)/((-144)/(-20) - 7). Determine s(v).
14
Let d(q) = -q**2 + 2*q. Let o(y) = 9*y**2 - 5*y + 1. Let i(n) = 4*d(n) + o(n). Calculate i(-1).
3
Let w(i) be the third derivative of i**6/360 + i**5/120 - i**4/24 - 8*i**3/3 + 9*i**2. Let o(n) be the first derivative of w(n). Determine o(2).
5
Let a(m) = m**2 - 7*m + 5. Let x = 1 + 13. Let c = x - 9. Calculate a(c).
-5
Suppose 16 + 17 = 3*x. Let v(p) = 6 - 10 + x + 2*p. Calculate v(6).
19
Let o(u) = -u**3 - 14*u**2 - 12*u + 8. Let a = 1155 - 1168. Give o(a).
-5
Let v = 21 + -19. Let h(k) = k**3 - 4*k**2 + 2. Let s be h(v). Let n(q) = q**3 + 6*q**2 - 3*q - 7. Determine n(s).
11
Let o be 10/(-4)*(18 + -2). Let v be (-4)/18 + o/(-18). Let u(i) = -i + 2 - i - 3*i. Determine u(v).
-8
Let p(m) = m**2 - 5*m. Let x(o) = o**2 + 2*o + 5. Let f be x(0). Suppose 0 = f*y - 2*n - 2*n - 22, 3*n = y. Determine p(y).
6
Let v = 0 - -3. Suppose 8*k = -2*o + 4*k + 28, -3*o - v*k + 27 = 0. Let a(c) be the second derivative of -c**3/3 + 3*c**2 - 13*c. Calculate a(o).
-2
Let c(v) = v**3 + 7*v**2 + 7. Let u(o) = -6*o + 2. Let z(w) = -3*w + 1. Let j(q) = 2*u(q) - 5*z(q). Let l be j(1). Suppose 0 = -l*s - 20 + 6. Give c(s).
7
Let r(m) = -m**3 - 6*m**2 + 5*m - 7. Suppose 2*c + 4*f + 5 = -31, 3*f = -6. Let v be c*(-1 - -2*(-6)/(-8)). Calculate r(v).
7
Suppose -2*d + 3*u + 1 + 5 = 0, 0 = -2*u. Let c(o) = 4*o**2 - 1 - 3*o + 2*o**2 - o**d + o + 3*o. Let v be (5/(-1))/(19/6 + -4). Give c(v).
5
Let x(y) be the second derivative of -2/3*y**3 + 0 + 26*y + 9/2*y**2 + 1/20*y**5 + 1/2*y**4. What is x(-7)?
-12
Let b(n) = -3*n**3 - 8*n**2 - 4*n - 2. Suppose 38*l = -m + 41*l - 3, 4*l - 9 = 3*m. Calculate b(m).
19
Suppose -5*a + 1 = -0*a - 3*o, -4*a + 23 = 5*o. Suppose -l = a*n, l + 1 = -3*n - 0*n. Let v(f) = 0 + l + 7*f - 5 + 4. Determine v(-1).
-6
Let q(d) = -d - 22. Let y be q(-17). Let m(h) = h**2 + 4*h + 7. Let a be m(y). Suppose 4*r = r - a. Let k(f) = f + 5. What is k(r)?
1
Let r(u) = -u - 7. Let s(k)